site?
True
Let a be 1/((-42)/(-39) - 1). Let r = -7 + a. Is (-4)/r + 260/12 a prime number?
False
Suppose -2 = 4*w - 2*c, 2*w - 4*w - 5*c + 29 = 0. Is w/(-9) + (-533)/(-9) a composite number?
False
Suppose 0 = 2*b - 0*q + 4*q + 26, -5*q - 28 = b. Is 50/1 - (0 + b) a composite number?
False
Suppose -o = -2*o. Suppose -3*n + 114 + 447 = o. Is n composite?
True
Let c = 4506 - 9036. Is c/(-40) - 1/4 composite?
False
Let p(t) = t**2 + t - 8. Is p(-10) a composite number?
True
Suppose -498 = -6*p + 3*p. Is p a prime number?
False
Is 14/77 + (-17055)/(-33) a composite number?
True
Suppose -y = -10 + 6. Suppose 39 = y*p - 3*p. Is p a composite number?
True
Suppose -4*g + v - 14 = -v, -3*g + 5*v - 28 = 0. Is 166 + (0 - (-2 - g)) composite?
False
Is (6/(-18))/((-1)/603) a prime number?
False
Suppose 680 = u + h, -5*h = 4*u - 3947 + 1224. Is u a composite number?
False
Let z = 8 - 6. Suppose 3*j = -b + 38, 5*b + j - 238 = z*j. Is b a prime number?
True
Let l = -106 - -66. Let q = 66 + l. Is q prime?
False
Is 167/3 + (-6)/9 composite?
True
Is -3*-694*4/24 a composite number?
False
Let o(b) = -22*b**2 - 2*b + 2. Let n(j) = -j + 1. Let c(i) = 3*n(i) - o(i). Is c(2) a composite number?
True
Let n(a) = -4264*a**3 + 2*a**2 + a. Is n(-1) a composite number?
True
Suppose -l + w + 1770 = 0, -2*w = -5*w - 15. Is l a prime number?
False
Let l = 433 + 826. Is l composite?
False
Let k = 709 - 75. Is k a prime number?
False
Let l(a) = a**2 + 2*a - 2. Let p be (1/1)/(2/(-6)). Let w be l(p). Let v = 48 - w. Is v a composite number?
False
Let w = 1 - -51. Let u = -15 + w. Is u composite?
False
Let w(j) = 46*j**2 + 5*j + 5. Is w(-4) a prime number?
False
Suppose 0*j = 3*j + 972. Let o = 473 + j. Is o a composite number?
False
Let f be ((-6)/8)/(2/16). Let o be (f + 5)/((-1)/4). Suppose o*s - 81 = 67. Is s a composite number?
False
Suppose -17*g + 27*g - 3390 = 0. Is g prime?
False
Let h(m) = -m - 1. Let q(z) = 290*z + 3. Let f(u) = h(u) + q(u). Is f(1) composite?
True
Let b = 6048 + 1667. Is b composite?
True
Let r = 5 + -7. Let x be 2/(r + 344/170). Is x/(0 + 1) + 2 composite?
True
Suppose 409 + 607 = 4*v. Is v a composite number?
True
Suppose 4*g = 7*g - 9. Suppose 0 = g*p + 2*p - 40. Let s = p - -23. Is s composite?
False
Suppose 19 = -4*v - 5. Is v/(-4)*2030/21 a prime number?
False
Let s(u) = u - 8. Let j(o) = -2*o + 16. Let c(x) = 4*j(x) + 7*s(x). Let v be c(4). Suppose -v*t = t - 110. Is t a prime number?
False
Let y(a) = -a - 2. Let x be y(-2). Suppose 140 = -x*d + 2*d + 5*l, 203 = 3*d + 4*l. Is d prime?
False
Let k be ((-2)/3)/((-13)/234). Suppose -3*n - 5*l = -1115, -3*l + 0*l = -k. Is n prime?
False
Let u(y) = 12*y + 1. Let h(w) = -47*w + 5. Let j(a) = 16*a - 2. Let z(x) = -3*h(x) - 8*j(x). Let l(f) = -6*u(f) + 5*z(f). Is l(-2) composite?
False
Is (1756/(-6))/(-1*(-6)/(-9)) a prime number?
True
Suppose -2*k - 3*a - 1188 = k, -a + 795 = -2*k. Let f = k + 582. Is f prime?
False
Let z = 16 + -10. Is (8/z)/((-4)/(-18)) prime?
False
Let x = -617 - -1678. Is x prime?
True
Suppose -806 - 1620 = -2*z. Is z a composite number?
False
Let q(c) = 11*c**2 - 10*c - 4. Is q(11) a composite number?
False
Suppose 19 - 1 = -2*p. Let o = -13 - p. Is 8 + (-1)/(2/o) prime?
False
Let x(p) = -3*p + 5. Let l be x(-6). Let k = l - -100. Let n = k + -10. Is n a composite number?
False
Suppose -3*d - d = -148. Let u = d + -14. Is u a composite number?
False
Let h(k) = -17*k - 7. Suppose -d = -1 + 2. Let y be 20/6*d*3. Is h(y) a prime number?
True
Let z = 6 - 4. Suppose 3*i + 507 + 143 = z*x, i - 1659 = -5*x. Is x prime?
True
Let y(m) = -6*m**3 + m**2 + 2*m + 3. Let p be y(-2). Let r be (0 - -1)*(-2 - p). Let t = r - -148. Is t composite?
True
Let o be (0 - 1) + (-2 - 1). Let a(z) = -34*z + 3. Is a(o) composite?
False
Let a = -204 - -380. Suppose -20*h + 212 = -24*h. Let j = a + h. Is j composite?
True
Suppose -3*x + 16 = -4*m - 4*x, -4*x = -5*m - 20. Is 1*(m + 807/3) composite?
True
Suppose 2*a - 3*f = -1, 3*f = 5*a - f - 1. Is 3 + 16 + (a - -1) a prime number?
False
Let q = -182 + 110. Let i = q - -127. Is i composite?
True
Let f = 81 + 118. Is f a prime number?
True
Let k(c) be the first derivative of c**4/4 - 8*c**3/3 + 4*c**2 - c + 1. Let j = -13 + 20. Is k(j) a prime number?
False
Let n(s) = s**2. Let w(i) = 8*i**2 + 4*i + 1. Let g(b) = -n(b) + w(b). Let f = -4 + 0. Is g(f) a prime number?
True
Let t be 6/15 + 26/10. Suppose j = 139 + 93. Suppose t*g - 14 - j = 0. Is g prime?
False
Let f(d) = 18*d + 2. Let g be f(-3). Suppose -n + 3*l - 12 = 0, 3*n + 71 = -2*n + 4*l. Let b = n - g. Is b a prime number?
True
Let l = -20 + 38. Suppose 208 = 4*b - 92. Let k = b - l. Is k composite?
True
Suppose -r - 16 = -4*b, -r = -2*b + 2 + 6. Suppose 2*o - s - 52 - 28 = r, -s - 158 = -4*o. Is o a composite number?
True
Let w = 4 - 10. Is 3/9 - 184/w prime?
True
Let w be (-4)/14 + 1548/(-21). Let z = w + 161. Is z prime?
False
Let o(r) = -r**3 - 3*r**2 - r - 1. Let b be o(-2). Let n(y) = -y**2 - 5*y - 2. Let i be n(b). Suppose -14 - 10 = -i*g. Is g a prime number?
False
Let t = 2227 + -1306. Is t prime?
False
Suppose 3*l = -2*l. Suppose 0 = a - 3*j - 17, 0 = -3*a - 2*j + 4*j + 23. Suppose l*z - a*z = -30. Is z prime?
False
Let d(j) = 2*j**2 + 11*j + 13. Let m be d(-14). Suppose 0 = 5*o - 6*o + m. Is o a prime number?
True
Let k be (8 - 5) + -3*1. Suppose k = -5*f + q - 2*q - 15, -2*q = -5*f - 30. Is -4 - f - (2 + -213) composite?
False
Let z(n) be the third derivative of -1/3*n**4 + 2*n**2 + 5/6*n**3 + 0 + 0*n. Is z(-6) prime?
True
Let l(f) = -2*f - 6. Let s be l(-5). Suppose s*h - 324 = -0*h. Let n = h + -58. Is n composite?
False
Let n be 106/8 + 2/(-8). Let v = -11 + n. Is v a composite number?
False
Let f(x) be the second derivative of -2*x - 5/12*x**4 + 1/20*x**5 + 1/2*x**3 + 3*x**2 + 0. Is f(5) a composite number?
True
Let t = 1 - -3. Suppose m - 10 = t*c + 4, 0 = -m - 5*c - 4. Is m a prime number?
False
Let j = 7 + -2. Suppose o - g + 2*g - 36 = 0, 2*o - 69 = -j*g. Is o composite?
False
Let n(u) = u. Let g(l) = l**3 + 5*l**2 - 7*l - 9. Let y be g(-6). Let t = y + 5. Is n(t) a composite number?
False
Let t(q) = 56*q + 3. Is t(6) composite?
True
Let n be 42/2 + (1 - 1). Let h = n - -7. Suppose -7 = m - h. Is m a prime number?
False
Let k = 36 + 11. Let u = k - 19. Suppose -3*d + 319 = u. Is d a prime number?
True
Let k = -55 + 288. Is k a prime number?
True
Suppose 0 = 2*s - 2*v + 1762, 0*s - 3*s = -5*v + 2647. Let o = -1697 - s. Is o/(-22) - (-8)/(-44) a composite number?
False
Let b(h) = 2*h**2 - 14*h - 17. Is b(12) a composite number?
False
Let q(x) = -2*x - 5. Let u be q(-4). Suppose 5*j = u*j + 68. Is j composite?
True
Let q = -2 + 4. Let v(t) = -8*t + 1 - 2*t - q. Is v(-9) prime?
True
Suppose 4*o - 2292 = -6*p + 2*p, 2*p - 1111 = 5*o. Suppose 0 = -2*s + 4*s + p. Let z = -166 - s. Is z prime?
False
Let y(w) = 5*w**2 + 3 + w**2 - 2*w**2 - w + w**2. Is y(4) prime?
True
Suppose -64 = -5*w + 211. Let b = 81 - w. Is b composite?
True
Let z = -3 + 5. Let a be -6*z/(-14)*14. Is (-2)/12 - (-302)/a a prime number?
False
Suppose -4*c + 2954 = -3*j, 0 = 4*c + 4*j - 1076 - 1864. Is c composite?
True
Let w(i) = 4*i + 2. Let n(h) = -8*h - 3. Let k(l) = 3*n(l) + 5*w(l). Let r = -5 - 1. Is k(r) a composite number?
True
Suppose 10 = -3*j - 2*j. Let p = 2 + j. Suppose -3*h - 2*h + 75 = p. Is h a prime number?
False
Let q be 2/(-1) + (-5)/(-1). Suppose 2 = q*h - 1. Is 0 - (h - 14) - 2 prime?
True
Suppose 7618 = 4*y - 6*q + 3*q, -2*y = -q - 3808. Is y a prime number?
False
Let n = -1 - 0. Let a be ((2 + 1)/3)/n. Is 25/(-2)*(-3 - a) prime?
False
Let m(w) = 21*w**2 - 4*w - 1. Let a be m(3). Suppose 0*g - 2*g = -5*b + a, 3*b = -5*g + 87. Suppose 0*i - b = -i. Is i composite?
True
Let o(a) = 4*a**3 - a**2 + 2*a - 10. Is o(3) prime?
False
Let v(p) = 24*p - 13. Let d be v(10). Let l = 385 - d. Let f = -75 + l. Is f a composite number?
False
Suppose 5*m - 2 - 3 = 0. Let b be (m + 217)*(-3)/(-6). Suppose u + 26 = b. Is u a prime number?
True
Suppose -4*w - 16 = -2*w. Let h(s) = -3*s**2 - 6*s + 4. Let n be h(w). Let u = -61 - n. Is u prime?
True
Suppose 223 = 2*g - 179. Is g a composite number?
True
Suppose t + 2 = 10. Let j = -4 + t. Is (j/6)/((-2)/(-39)) prime?
True
Suppose -4*b = -3*w - 2314, 4*b = -w - 0*w - 7